tors of 24632425.
5, 23, 42839
List the prime factors of 1641245856.
2, 3, 79, 379, 571
List the prime factors of 1840237815.
3, 5, 13, 9437117
List the prime factors of 98637473.
11, 8967043
List the prime factors of 262614849.
3, 7, 3467, 3607
What are the prime factors of 3795438072?
2, 3, 158143253
What are the prime factors of 452463984?
2, 3, 7, 448873
What are the prime factors of 364711892?
2, 41, 2223853
What are the prime factors of 220004091?
3, 107, 228457
List the prime factors of 70907939.
151, 469589
List the prime factors of 1954810375.
5, 7, 2234069
List the prime factors of 711936755.
5, 142387351
List the prime factors of 1168212419.
11, 97, 113, 9689
What are the prime factors of 1612274933?
557, 1499, 1931
List the prime factors of 1278322846.
2, 41, 15589303
List the prime factors of 59401399.
167, 355697
List the prime factors of 123877313.
7, 17696759
What are the prime factors of 14190535?
5, 1619, 1753
List the prime factors of 24001588.
2, 13, 461569
List the prime factors of 149966837.
67, 2238311
List the prime factors of 7039295842.
2, 17, 3373, 61381
What are the prime factors of 59220527?
1289, 45943
What are the prime factors of 21365425?
5, 854617
What are the prime factors of 1655698963?
27697, 59779
List the prime factors of 46980782.
2, 23490391
List the prime factors of 14011625.
5, 197, 569
What are the prime factors of 17938304?
2, 140143
List the prime factors of 341364964.
2, 17, 647, 7759
List the prime factors of 5525921432.
2, 22003, 31393
What are the prime factors of 201079372?
2, 13, 3866911
List the prime factors of 37612716.
2, 3, 103, 30431
What are the prime factors of 103248767?
103248767
What are the prime factors of 23501103?
3, 7833701
List the prime factors of 6182729409.
3, 19, 2251, 48187
What are the prime factors of 48820990?
2, 5, 4882099
What are the prime factors of 412930848?
2, 3, 11, 127, 3079
List the prime factors of 978071554.
2, 139, 3518243
What are the prime factors of 5673238250?
2, 5, 89, 254977
List the prime factors of 1004343836.
2, 37, 6786107
List the prime factors of 172499197.
13, 157, 223, 379
List the prime factors of 372046643.
23, 1051, 15391
What are the prime factors of 124806546?
2, 3, 29, 373, 641
What are the prime factors of 2596863229?
59, 821, 53611
List the prime factors of 21223875.
3, 5, 56597
What are the prime factors of 279542975?
5, 71, 157489
What are the prime factors of 897015735?
3, 5, 7, 11, 86293
List the prime factors of 94200337.
7, 11, 1223381
What are the prime factors of 57258734?
2, 13, 1231, 1789
List the prime factors of 145799267.
113, 1290259
List the prime factors of 161431497.
3, 17936833
What are the prime factors of 2553659233?
17, 269, 558421
List the prime factors of 15926471.
11, 1447861
What are the prime factors of 3860074444?
2, 773, 1248407
List the prime factors of 166500932.
2, 13, 3201941
List the prime factors of 1408748055.
3, 5, 11, 13, 619, 1061
What are the prime factors of 15842447?
19, 43, 19391
What are the prime factors of 188467424?
2, 5889607
List the prime factors of 17332342.
2, 1427, 6073
What are the prime factors of 66953066?
2, 4099, 8167
List the prime factors of 3582573714.
2, 3, 31, 6420383
List the prime factors of 2095871497.
41, 51118817
List the prime factors of 6443473714.
2, 139, 313, 74051
What are the prime factors of 48133903?
4157, 11579
List the prime factors of 3774733269.
3, 1258244423
What are the prime factors of 284116074?
2, 3, 11, 29, 79, 1879
What are the prime factors of 156358097?
7, 22336871
List the prime factors of 4658304645.
3, 5, 67, 1545043
What are the prime factors of 486847615?
5, 17, 1973, 2903
List the prime factors of 210336514.
2, 173, 607909
List the prime factors of 44595563.
59, 113, 6689
List the prime factors of 107841954.
2, 3, 11, 1013, 1613
List the prime factors of 280537247.
17, 16502191
What are the prime factors of 272438222?
2, 7, 19459873
List the prime factors of 1112786035.
5, 43, 1259, 4111
What are the prime factors of 879550743?
3, 17, 331, 52103
List the prime factors of 320062465.
5, 64012493
List the prime factors of 247137281.
7477, 33053
What are the prime factors of 5859044961?
3, 7, 11, 25363831
What are the prime factors of 1684281288?
2, 3, 137, 512251
What are the prime factors of 2657534634?
2, 3, 147640813
List the prime factors of 17205902.
2, 7, 1228993
What are the prime factors of 1428014244?
2, 3, 119001187
What are the prime factors of 2758233841?
11, 181, 125941
What are the prime factors of 1229784832?
2, 41, 117167
What are the prime factors of 4267706648?
2, 109, 563, 8693
List the prime factors of 88231370.
2, 5, 8823137
What are the prime factors of 90551496?
2, 3, 7, 31, 17387
What are the prime factors of 2863330001?
7, 19, 4133, 5209
What are the prime factors of 948086850?
2, 3, 5, 29, 67, 3253
What are the prime factors of 2633057616?
2, 3, 7, 7836481
What are the prime factors of 1055655982?
2, 5351, 98641
List the prime factors of 78737905.
5, 15747581
What are the prime factors of 189774606?
2, 3, 7, 4518443
List the prime factors of 3213729511.
29, 110818259
List the prime factors of 41543423.
577, 71999
What are the prime factors of 713636538?
2, 3, 37, 1663, 1933
What are the prime factors of 264672775?
5, 571, 18541
List the prime factors of 2500490526.
2, 3, 17, 211, 223, 521
List the prime factors of 255724129.
5849, 43721
What are the prime factors of 1033053268?
2, 13, 19866409
What are the prime factors of 522638444?
2, 227, 575593
List the prime factors of 7332981002.
2, 3666490501
What are the prime factors of 208140223?
208140223
What are the prime factors of 141425128?
2, 13, 1359857
What are the prime factors of 2903294?
2, 17, 5023
List the prime factors of 161756568.
2, 3, 227, 3299
What are the prime factors of 28932162?
2, 3, 7, 688861
List the prime factors of 579244352.
2, 557, 16249
List the prime factors of 29776539.
3, 13, 137, 5573
List the prime factors of 497723210.
2, 5, 313, 159017
What are the prime factors of 288590540?
2, 5, 7, 2061361
What are the prime factors of 2328308365?
5, 2213, 210421
What are the prime factors of 381801546?
2, 3, 7, 211, 4787
List the prime factors of 84421407.
3, 7, 29, 67, 2069
List the prime factors of 271489423.
19, 14288917
What are the prime factors of 141333245?
5, 53, 241, 2213
List the prime factors of 352805561.
29, 12165709
What are the prime factors of 443914883?
443914883
List the prime factors of 1316719672.
2, 9463, 17393
List the prime factors of 87569151.
3, 29189717
What are the prime factors of 186679887?
3, 2237, 27817
List the prime factors of 22067566.
2, 11033783
What are the prime factors of 6404542731?
3, 9437, 75407
List the prime factors of 4577261859.
3, 953, 177889
List the prime factors of 826935508.
2, 7, 29533411
What are the prime factors of 434670850?
2, 5, 29, 10337
What are the prime factors of 268164445?
5, 53632889
List the prime factors of 67528302.
2, 3, 83, 135599
List the prime factors of 29628523.
4831, 6133
What are the prime factors of 1687708025?
5, 67508321
What are the prime factors of 9586473?
3, 13, 373, 659
What are the prime factors of 820812591?
3, 5521, 16519
What are the prime factors of 127666405?
5, 25533281
What are the prime factors of 16402978?
2, 8201489
What are the prime factors of 119970811?
119970811
List the prime factors of 214416129.
3, 6037, 11839
List the prime factors of 52768035.
3, 5, 19, 61717
What are the prime factors of 6643968?
2, 3, 41, 211
What are the prime factors of 1018091296?
2, 31815353
List the prime factors of 308742298.
2, 67, 389, 5923
What are the prime factors of 209955658?
2, 11, 9543439
List the prime factors of 26011348.
2, 11, 139, 4253
List the prime factors of 268931192.
2, 33616399
What are the prime factors of 1120922013?
3, 17, 607, 36209
List the prime factors of 54589122.
2, 3, 7, 41, 10567
What are the prime factors of 73496939?
31, 79, 30011
List the prime factors of 222620219.
17, 13095307
List the prime factors of 1104908171.
37, 29862383
List the prime factors of 4147722.
2, 3, 131, 1759
List the prime factors of 795609985.
5, 59, 619, 4357
What are the prime factors of 56728562?
2, 11, 239, 10789
List the prime factors of 1260329350.
2, 5, 7, 